
-3
Let t(c) = -2*c**3 + c**2 + 3*c - 3. Give t(-3).
51
Let d(c) = -c**2 + 15*c + 13. Give d(8).
69
Let g(h) = 5*h**2 + 42*h + 30. What is g(-8)?
14
Let v(d) = d**2 - 4*d - 23. Give v(8).
9
Let w(p) = p**3 + 6*p**2 - p - 6. Determine w(-4).
30
Let t(i) = i**3 - 12*i**2 + 13*i - 16. Give t(11).
6
Let d(g) = -g**2 - 20*g + 95. Calculate d(4).
-1
Let t(n) = -8*n - 5. Determine t(-7).
51
Let p(o) = -o**3 - 6*o**2 + 14*o - 4. Give p(-8).
12
Let p(c) = c**2 - 8*c - 13. What is p(9)?
-4
Let l(y) = 4*y + 14. Determine l(-6).
-10
Let n(x) = 5*x**2 + 24*x + 13. Determine n(-4).
-3
Let h(p) = -3*p**2 - 53*p + 13. Calculate h(-18).
-5
Let k(g) = -11*g**2 - 2*g - 1. Calculate k(-2).
-41
Let n(g) = g**3 + 29*g**2 - 2*g - 53. Calculate n(-29).
5
Let l(i) = 6*i - 10. Determine l(-8).
-58
Let o(a) = -a**3 - 4*a**2 - 2*a - 3. What is o(-4)?
5
Let g(j) = -2*j**3 + 3*j**2 + 9*j - 2. Determine g(3).
-2
Let y(l) = -12*l + 22. Calculate y(2).
-2
Let o(f) = -10*f**2 - f + 2. Determine o(1).
-9
Let o(c) = -c**2 - 4. What is o(3)?
-13
Let y(z) = -3*z - 36. Calculate y(-7).
-15
Let w(n) = n**3 + 5*n**2 + 3*n + 12. Give w(-5).
-3
Let k(y) = -22*y - 61. What is k(-4)?
27
Let v(m) = m**3 - 14*m**2 + 13*m + 1. Determine v(13).
1
Let u(v) = -10*v - 22. Calculate u(-6).
38
Let s(z) = z**2 - 10*z + 45. Determine s(9).
36
Let p(i) = 8*i**3 + 41*i**2 - 1. Determine p(-5).
24
Let w(y) = -68*y + 79. What is w(1)?
11
Let z(r) = -r + 35. Calculate z(21).
14
Let a(r) = -r**3 + 15*r**2 - 9*r - 33. Give a(14).
37
Let l(r) = r**3 - 14*r**2 - r + 14. Calculate l(14).
0
Let q(f) = f**3 - 3*f + 6. Give q(0).
6
Let a(y) = -y**2 + 55. Calculate a(9).
-26
Let n(x) = 4*x - 1. Determine n(5).
19
Let p(y) = -y**3 - 17*y**2 - 69*y + 15. Determine p(-10).
5
Let r(t) = 5*t**2 + 64*t - 7. Calculate r(-13).
6
Let z(r) = r**2 + 11*r - 14. Calculate z(-13).
12
Let p(v) = -6*v**2 + 7*v - 8. Calculate p(1).
-7
Let c(x) = -x**2 + 10*x + 62. Give c(15).
-13
Let g(b) = -6*b - 22. Give g(0).
-22
Let t(p) = p**2 - 10*p + 18. Determine t(5).
-7
Let a(t) = -t**2 + 12*t + 9. What is a(9)?
36
Let b(a) = 3*a - 6. Calculate b(4).
6
Let w(t) = t**2 - 14*t + 41. Determine w(11).
8
Let v(n) = n**2 - 6*n - 41. Determine v(9).
-14
Let f(r) = -r**2 + 3*r - 4. Calculate f(4).
-8
Let p(q) = q**3 + 6*q**2 + 7*q + 10. Determine p(-6).
-32
Let b(f) = 5*f - 188. Calculate b(38).
2
Let y(k) = -2*k**3 - 108*k**2 - 107*k - 56. What is y(-53)?
-3
Let g(p) = -4*p - 8. What is g(-7)?
20
Let k(c) = -c**3 + 14*c**2 + 28*c + 35. Determine k(16).
-29
Let j(s) = s**2 + 13*s - 13. What is j(-14)?
1
Let h(u) = -9*u**2 + 18*u + 23. What is h(3)?
-4
Let z(b) = b**3 - 9*b**2 + 10*b + 3. What is z(7)?
-25
Let v(q) = q - 5. Determine v(4).
-1
Let c(u) = 8*u + 13. Determine c(0).
13
Let a(s) = -2*s**2 + 14*s + 17. Give a(8).
1
Let r(i) = i**2 + 8*i + 14. Determine r(-5).
-1
Let n(b) = b**2 - 10*b + 28. What is n(6)?
4
Let t(u) = u - 7. Calculate t(13).
6
Let u(v) = -5*v - 4. Determine u(-8).
36
Let j(b) = -6*b - 39. Determine j(-9).
15
Let b(k) = -4*k**2 - 2*k + 2. Determine b(2).
-18
Let j(q) = q**3 + 2*q**2 - 61*q + 29. Calculate j(-9).
11
Let o(y) = 6*y**2 - 6*y + 7. What is o(3)?
43
Let r(c) = -c**3 - 14*c**2 - 10*c + 16. Determine r(-13).
-23
Let o(p) = -2*p**2 + 12*p - 12. What is o(8)?
-44
Let r(w) = -w**2 + 9*w - 5. Give r(2).
9
Let u(w) = -w**2 - w + 5. Calculate u(4).
-15
Let j(q) = 3*q**2 + q - 12. Give j(3).
18
Let k(b) = 2*b + 13. Give k(6).
25
Let n(s) = -141*s**3 + s. Calculate n(1).
-140
Let q(d) = -d**3 + 4*d**2 - 7*d + 10. Calculate q(3).
-2
Let p(o) = 2*o**2 - 23*o + 44. What is p(8)?
-12
Let c(v) = -8*v**2 + 3*v + 3. Determine c(-2).
-35
Let z(n) = 2*n**2 - 22*n + 24. Determine z(9).
-12
Let k(i) = 2*i + 17. What is k(-6)?
5
Let m(i) = i**3 + 15*i**2 - 18*i - 30. Determine m(-16).
2
Let h(r) = -3*r + 13. Calculate h(3).
4
Let o(g) = -g**2 - 13*g - 24. Calculate o(-4).
12
Let r(p) = -p**3 - 2*p**2 + p + 134. Determine r(0).
134
Let j(m) = m**3 + 6*m**2 - m - 6. What is j(-5)?
24
Let w(n) = 143*n + 1426. Give w(-10).
-4
Let g(y) = -2*y**3 - 74*y**2 + 78*y + 71. Determine g(-38).
-5
Let d(p) = 3*p**3 - 2*p**2 - 2*p + 3. Calculate d(2).
15
Let t(c) = -7*c**3 + c**2 - c - 2. What is t(-1)?
7
Let d(r) = -3*r + 3. Give d(-7).
24
Let a(n) = -74*n**3 + 2*n**2 + 3*n. Calculate a(-1).
73
Let b(h) = -h**2 + 7*h - 13. Determine b(3).
-1
Let d(j) = j + 10. Determine d(-23).
-13
Let h(a) = a**3 - 11*a**2 + 11*a - 14. Give h(10).
-4
Let p(m) = -4*m - 25. Calculate p(-10).
15
Let i(j) = -j**3 + j**2 - 3*j + 1. Give i(2).
-9
Let x(n) = -n**2 + 68*n - 261. Calculate x(4).
-5
Let a(i) = i**3 - 10*i**2 + i - 19. Calculate a(8).
-139
Let z(q) = -7*q**2 - q + 2. Determine z(1).
-6
Let p(d) = d**2 - 5*d - 4. Determine p(5).
-4
Let l(g) = -3*g + 2. Determine l(-4).
14
Let i(c) = -c**3 + 6*c**2 - 9*c + 10. What is i(5)?
-10
Let b(j) = j**2 - 20*j + 30. Calculate b(18).
-6
Let f(u) = 2*u**3 + u**2 - 5*u + 5. Give f(3).
53
Let n(a) = -a**3 - 15*a**2 - 53*a + 8. Give n(-6).
2
Let g(j) = -2*j**3 + j**2 + j - 4. What is g(-3)?
56
Let r(n) = n**3 + 19*n**2 + 5. Give r(-19).
5
Let j(g) = -2*g**2 + 2*g + 38. Calculate j(-4).
-2
Let b(q) = q + 13. Calculate b(-7).
6
Let l(k) = -k**2. What is l(1)?
-1
Let q(s) = -s**3 + 13*s**2 - 11*s - 9. Determine q(12).
3
Let c(p) = p**3 - 3*p**2 - 12*p + 29. Give c(5).
19
Let o(g) = 5*g**3 - g**2 - g + 1. Calculate o(-1).
-4
Let w(x) = -x**3 - 6*x**2 - 4. Calculate w(-6).
-4
Let o(m) = -m**3 + 6*m**2 - 7*m. What is o(3)?
6
Let u(r) = r**3 + r**2 + 3*r + 10. Calculate u(0).
10
Let q(t) = 2*t**2 + 2*t - 7. Calculate q(-4).
17
Let t(m) = -5*m - 5. Calculate t(-5).
20
Let o(a) = a**3 - 8*a**2 + 6*a + 21. Calculate o(3).
-6
Let h(k) = -k**3 - 11*k**2 + 26*k + 283. Give h(-11).
-3
Let g(u) = -u**3 + 2*u + 1. Calculate g(-2).
5
Let w(s) = 5*s + 77. Give w(-14).
7
Let b(h) = 7*h - 22. What is b(-12)?
-106
Let m(t) = 20*t + 62. Give m(-3).
2
Let n(h) = 7*h + 5. Calculate n(-2).
-9
Let v(z) = 5*z - 13. Calculate v(1).
-8
Let h(j) = 7*j - 16. What is h(-4)?
-44
Let i(f) = -f**3 + 3*f**2 + 12*f + 13. What is i(6)?
-23
Let f(x) = -x**3 + 4*x**2 - 2*x + 6. What is f(4)?
-2
Let q(m) = -6*m - 16. Determine q(-4).
8
Let f(q) = -6*q - 43. What is f(-12)?
29
Let b(r) = -3*r**2 + 63*r - 60. What is b(20)?
0
Let p(n) = n**2 + 32*n + 50. Give p(-31).
19
Let j(l) = -2*l**2 - 13*l + 4. Calculate j(-6).
10
Let h(v) = -v**3 + 8*v**2 + 14*v - 39. Calculate h(9).
6
Let p(l) = 4*l - 6. Calculate p(8).
26
Let x(p) = -p**2 - 31*p - 77. Give x(-28).
7
Let b(w) = 9*w**2 + 2*w + 2. Calculate b(-1).
9
Let r(p) = -2*p**2 - 17*p + 15. Give r(-9).
6
Let h(k) = -k**3 - k**2 + k - 3. Give h(-2).
-1
Let x(z) = -z**3 - 2*z**2 + 10*z - 12. Calculate x(-4).
-20
Let k(n) = n**3 + 6*n**2 + 4*n - 5. What is k(-2)?
3
Let q(b) = -b**3 + 6*b**2 - 6*b - 4. What is q(5)?
-9
Let z(c) = c**2 - 8*c + 2. What is z(8)?
2
Let o(m) = -9*m + 33. Calculate o(7).
-30
Let h(n) = -5*n - 2. What is h(4)?
-22
Let s(f) = -f**3 - 16*f**2 + 36*f + 3. What is s(-18)?
3
Let w(h) = 11*h + 99. Calculate w(-7).
22
Let w(j) = -2*j**2 + 68*j - 58. Calculate w(33).
8
Let u(h) = -h**2 - h + 1. Calculate u(0).
1
Let c(n) = n**3 - n**2 - 3. Give c(2).
1
Let b(n) = n**2 + 18*n - 33. What is b(-21)?
30
Let u(z) = z**3 + 17*z**2 + 25*z - 52. Give u(-15).
23
Let p(z) = -3*z + 3. Calculate p(1).
0
Let d(m) = 19*m + 76. Determine d(-4).
0
Let t(a) = a**3 + 2*a**2 + 9*a + 9. Give t(-2).
-9
Let q(d) = d**3 - 16*d**2 - 2*d + 26. What is q(16)?
-6
Let q(z) = -z**2 + 3*z + 8. Determine q(6).
-10
Let k(w) = w**3 + w**2 - 2*w - 3. Give k(3).
27
Let b(k) = -k - 2. Determine b(3).
-5
Let g(k) = -11*k + 1. Calculate g(-1).
12
Let h(z) = z**2 - 5*z - 14. Calculate h(7).
0
Let s(t) = -31*t**2. Calculate s(-1).
-31
Let h(s) = 7*s - 3. Give h(-5).
-38
Let w(c) = -c**3 + 8*c**2 - 6*c + 1. Determine w(4).
41
Let a(c) = c**3 + 7*c**2 + 5*c + 1. Calculate a(-5).
26
Let y(v) = -v**3 - v**2 + 2*v. Give y(-4).
40
Let s(b) = b**3 + b**2 + b - 58. What is s(0)?
-58
Let i(b) = -9*b - 27. Determine i(-3).
0
Let c(l) = -l**2 - 2*l - 88. Give c(0).
-88
Let j(s) = s**3 - 12*s**2 + 19*s + 11. Determine j(10).
1
Let l(i) = 26*i**2 + 3*i + 2. What is l(-1)?
25
Let m(u) = -4*u**3 + u**2 - 3*u - 1. What is m(-2)?
41
Let l(w) = -w**3 - 